u = -172 - -91. Let r = p + u. What are the prime factors of r?
2
Suppose -11*q + 18*q = 14. Let z = 2 - 2. Suppose y = 3*b + 12, q*y - b + z*b - 39 = 0. List the prime factors of y.
3, 7
Let m(g) = g**3 + 4*g**2 + 2*g - 3. Let l be m(-3). Suppose 3*q - 2*q = 5*n + 5, l = 3*n + q + 11. What are the prime factors of 156/6*(-1)/n?
13
Let z = 2 - 3. Let u(m) = -5*m**3 - m - 1. Let y be u(z). Suppose 4*r - 2*v = 2*v + 192, 5*v = -y*r + 210. List the prime factors of r.
3, 5
Suppose 0 = o - 0 - 2. Suppose 2*s + o = 2*z, -3*s = s + 2*z - 20. List the prime factors of -1 + (24 - s/1).
2, 5
Let a = -118 + 132. What are the prime factors of a/(-12)*4*90/(-7)?
2, 3, 5
Suppose 106*h = 103*h + 36. Suppose 0*y = -4*y + h. List the prime factors of y.
3
Let r(y) = -2*y - 14. Let j be r(-8). Suppose -t - k + 455 = 4*t, 0 = -j*t - 4*k + 200. What are the prime factors of t?
2, 3, 5
Let c = 60 + -23. Suppose 42 = -3*a + 3*i, -12*a - 48 = -10*a + 2*i. Let t = c + a. What are the prime factors of t?
2, 3
Suppose -4*i + 12 = -0*i. Let l be (0 - 0 - i) + 5. Suppose 0 = x + l*x - 66. List the prime factors of x.
2, 11
Suppose 8*d - 21 - 19 = 0. Suppose -d*u + 320 + 1115 = 0. List the prime factors of u.
7, 41
Let l(x) = 2*x**3 + x**2 + x. Let y be l(0). Suppose -5*c + c = 5*f - 791, -5*c + f + 1025 = y. List the prime factors of c.
2, 3, 17
Suppose 6*f + 578 - 20 = 0. Let m = f + 162. List the prime factors of m.
3, 23
Let c(x) = x + 7. Let o be c(-3). Suppose 2 + 5 = -a + 4*j, 3*j = -o*a + 29. Suppose g + 26 = 2*q, -2*q - q + 26 = a*g. List the prime factors of q.
2, 3
Suppose -3*j = -7*j, 0 = 3*x - 4*j - 2415. List the prime factors of x.
5, 7, 23
Let t(s) = -3*s + 21. Let f(l) = 2*l - 21. Let g(w) = -4*f(w) - 3*t(w). Let h be g(-7). Let o = 33 - h. What are the prime factors of o?
19
Let k = -1589 + 3567. List the prime factors of k.
2, 23, 43
Let x(j) = -2*j**3 - 4*j**2 + 2*j + 2. Let y be x(2). Let p be -5*(y/(-10) - 3). Suppose -p*b + 72 = -5*t, -2*t = -3*b + t + 90. List the prime factors of b.
2, 13
Let z = 1696 - 414. What are the prime factors of z?
2, 641
Let b(z) = -3*z + 48. Let t be b(0). Let f = 29 + t. List the prime factors of f.
7, 11
Let z = 9 + -8. Let w(x) = 68*x + 5. What are the prime factors of w(z)?
73
Let w(o) = 108*o + 36. Let s be w(8). Suppose -29*j + s = -24*j. List the prime factors of j.
2, 3, 5
Let x(m) = m**2 - 14*m - 2. Let p be x(12). Let o = 25 + p. Let f = o - -31. What are the prime factors of f?
2, 3, 5
Let q be (0 - 3) + 83 + (-2 - 0). Suppose -d + 0*d = -q. List the prime factors of d.
2, 3, 13
Suppose 0*o - o = 5. Let u(t) = 12*t + 14 - 4 + 3*t**2 - 3*t - 1. List the prime factors of u(o).
3, 13
Let p = 135 + -8. Let y = 291 - p. What are the prime factors of y?
2, 41
Let g = -3 + 6. Suppose -g*f + 66 = -2*f. What are the prime factors of f/5*(-15)/(-6)?
3, 11
Let q(f) = f + 3. Let t be q(0). Suppose -5*i - t*h + 91 = 0, 4*h - 4 + 64 = 4*i. List the prime factors of i.
17
Let q(w) = 3 - 2 + 1 + 3*w + 2*w. Let o = -7 - -12. What are the prime factors of q(o)?
3
Let g(l) = -l**3 + 9*l**2 - 2*l + 18. Let c be g(9). Suppose -3*v + 8*v - 1140 = c. What are the prime factors of v?
2, 3, 19
Suppose 3*i + 2222 = 5621. What are the prime factors of i?
11, 103
Let g = -30 + 58. Let q be (-10)/35 + 32/14. Suppose -g = -q*h - 0. What are the prime factors of h?
2, 7
Let z = 10 - 13. Let x = 19 + -13. Let i = x - z. List the prime factors of i.
3
What are the prime factors of (-3)/(-66)*8686 + 8/44?
5, 79
Suppose -2*k - 5*q = 712, -q - 720 = -k + 3*k. Let s be k/(-95) + 1/5. Suppose s*r - 76 = -0*r. What are the prime factors of r?
19
Let o(s) = -2*s**3 + s**2 - 8*s - 41. List the prime factors of o(-7).
2, 3, 5
Suppose 0 = -5*j + 4 + 1, 0 = -5*p + j - 1. Let r(z) = -z. Let g(t) = t + 5. Let v(f) = 2*g(f) + 4*r(f). What are the prime factors of v(p)?
2, 5
What are the prime factors of ((-6)/(-1))/((-26)/(-2171))?
3, 167
Let u be (0 + -30)/(1 - 2). Suppose -3*n + 60 = -2*y, y + u = 3*n - 30. Suppose -k + n + 3 = 0. List the prime factors of k.
23
Suppose -1086 = 3*t - 9*t. What are the prime factors of t?
181
Suppose -7*m - 10*m = -3485. List the prime factors of m.
5, 41
Let j(b) = 1720*b**2 + 6*b + 6. List the prime factors of j(-1).
2, 5, 43
Let s(d) = d**3 - 9*d**2 - 8*d. Let y be s(8). Let r = y - -283. What are the prime factors of r?
5, 31
Let k be (0 - -1)*(6 + -6). What are the prime factors of k + (-4)/(8/(-6))?
3
Suppose 7*l - 4*l = -5*y + 2304, -2*y + 1532 = 2*l. List the prime factors of l.
7, 109
Suppose 2*i - 3*i = 2*c, -i - c + 2 = 0. Suppose -i = -4*g + 8. Suppose -s = -g*y - 12, -s + y + 7 = -1. List the prime factors of s.
2, 3
Let q(i) = -5*i - 5. Let s = 9 + -15. Let g be q(s). Suppose 4*c = g - 5. What are the prime factors of c?
5
Suppose 0 = 14*f - 13*f - 2. Suppose 137 = 3*b + 5*a, -4*b + 0*b = -f*a - 200. List the prime factors of b.
7
Suppose -4*u - 3*w = -51, -u + 0*u + 2*w + 21 = 0. List the prime factors of u - 3*(-6)/9.
17
Let t = 8 - 20. Let i be 34/9 - t/54. Suppose -i*m + 28 = -0*m. List the prime factors of m.
7
Let m(s) = -s**2 + 8*s - 7. Let v be (1 + 9)/(-3 + 5). Let b be m(v). Suppose -4*k - 100 = -b*k. What are the prime factors of k?
5
Let i be 0/(-3) - (11 - 3). What are the prime factors of i*(1 + 10)/(-1)?
2, 11
Suppose c = -2*c + 339. What are the prime factors of c?
113
Suppose 19 = -2*g + 3529. What are the prime factors of g?
3, 5, 13
Suppose 0 = -4*i + 7611 + 3417. List the prime factors of i.
3, 919
Let t = -450 - -818. Suppose -3*l = 56 - t. List the prime factors of l.
2, 13
Let x(b) = 199*b**3 + 5*b + 6. Let s be x(-1). Let i = s + 376. What are the prime factors of i?
2, 89
Let q(v) = -9*v**3 - 2*v**2 - 13*v - 152. What are the prime factors of q(-7)?
2, 3, 61
What are the prime factors of (14/4)/(11/1166)?
7, 53
Let n(c) = c**3 - 6*c**2 + 7*c + 2. Let k = 1 - -5. List the prime factors of n(k).
2, 11
Let r(z) = -z**2 - 6*z + 5. Let s = 11 + -17. Let f be r(s). List the prime factors of f/(108/(-28) - -4).
5, 7
Let l(w) = -16*w - 11*w + 1 - 4*w. List the prime factors of l(-2).
3, 7
Suppose 3*k - 29832 = -41*k. What are the prime factors of k?
2, 3, 113
List the prime factors of 2/20*5*1328.
2, 83
Let d(n) = 2*n**2 - 3*n**3 + 2*n - 12*n + 5*n + 6. List the prime factors of d(-3).
2, 3, 5
Let y be 256/(-44) - (-6)/(-33). List the prime factors of 2*(-26)/4*36/y.
2, 3, 13
Suppose -35*i - 2347 + 77422 = 0. List the prime factors of i.
3, 5, 11, 13
Let k(t) be the first derivative of -3/2*t**2 + 2*t - 1. List the prime factors of k(-5).
17
Let o be (10/(-6))/((-10)/(-120)). Let i = o - -37. Suppose -12*z = -i*z + 230. List the prime factors of z.
2, 23
Let k(v) = v - 4. Let w(n) = n - 1. Let a(r) = -k(r) - w(r). What are the prime factors of a(-11)?
3
Suppose 125 = -2*o + 981. What are the prime factors of o?
2, 107
Let h be 2/14 + 100/35. Suppose h*c - 91 = -2*n, -4*c + 103 = -0*n - n. What are the prime factors of c?
3
Let u be (7 + -6)/((-2)/(-4)). Let k(n) = 0*n**2 - 7*n + 1 - 3*n**2 - n + 2*n**u. List the prime factors of k(-7).
2
Let h(q) = -3*q**2 - 30*q + 2. Let t be h(-10). Let i be (-13)/3*(-12 + 0). Suppose -5*f = -0*f + 2*m - 65, t*m - i = -4*f. List the prime factors of f.
13
Suppose -48*x = -44*x - 3944. What are the prime factors of x?
2, 17, 29
What are the prime factors of ((-160)/15)/((-6)/1404)?
2, 3, 13
Suppose 5*o + 15 = -4*c, o - c = c - 3. Let f be (0 + -2)*6/o. Suppose 3*g = f*v + 50, 74 + 10 = 4*g - v. List the prime factors of g.
2, 11
Let j be (-48)/(-4 - 150/(-39)). Suppose -2*k + 132 = -2*t, -j = -5*k - 5*t + t. List the prime factors of k.
2
Let v be (-3 + 6 + 2)*-1*-1. Suppose 0 = -v*w + 1167 + 88. List the prime factors of w.
251
Let k(l) = -2*l**2 - 38*l + 58. List the prime factors of k(-17).
2, 3, 7
Let s = 478 - 207. List the prime factors of s.
271
Let l(d) = 105*d + 192. List the prime factors of l(18).
2, 3, 347
What are the prime factors of ((-3)/((-24)/6388))/((-7)/(-28))?
2, 1597
Suppose 60 = 4*i - 2*i. Suppose -i*l + 26*l = -88. List the prime factors of l.
2, 11
Suppose 5*j - 900 = -g, 0 = 5*g - 2*g. Suppose 5*z = 10*z - j. What are the prime factors of z?
2, 3
Suppose 2*q + 42 = q - 5*n, 5*n = -2*q - 59. Let r = q - -22. Suppose 4*v + v =